{"id":45289,"date":"2021-02-03T18:40:37","date_gmt":"2021-02-04T00:40:37","guid":{"rendered":"https:\/\/www.bdsasesores.com\/team\/efrain-zapata-bds-asesores\/"},"modified":"2025-07-02T08:21:48","modified_gmt":"2025-07-02T14:21:48","slug":"efrain-zapata-bds-asesores","status":"publish","type":"page","link":"https:\/\/www.bdsasesores.com\/en\/team\/efrain-zapata-bds-asesores\/","title":{"rendered":"Efra\u00edn Zapata &#8211; BDS Asesores"},"content":{"rendered":"<p>[et_pb_section fb_built=&#8221;1&#8243; _builder_version=&#8221;4.16&#8243; global_colors_info=&#8221;{}&#8221;][et_pb_row _builder_version=&#8221;4.16&#8243; global_colors_info=&#8221;{}&#8221;][et_pb_column type=&#8221;4_4&#8243; _builder_version=&#8221;4.16&#8243; global_colors_info=&#8221;{}&#8221;][et_pb_team_member name=&#8221;Efra\u00edn Zapata&#8221; position=&#8221;Partner &#8211; Costa Rica&#8221; image_url=&#8221;https:\/\/www.bdsasesores.com\/wp-content\/uploads\/2025\/07\/Efrain-Zapata-Munoz-2025.jpg&#8221; linkedin_url=&#8221;https:\/\/www.linkedin.com\/in\/efra%EDn-zapata-4a3b1881\/&#8221; _builder_version=&#8221;4.27.4&#8243; hover_enabled=&#8221;0&#8243; global_colors_info=&#8221;{}&#8221; title_text=&#8221;Efrai\u0301n Zapata Mun\u0303oz 2025&#8243; sticky_enabled=&#8221;0&#8243;]<\/p>\n<p><a href=\"mailto:ezapata@bdsasesores.com\">ezapata@bdsasesores.com<\/a><\/p>\n<p style=\"font-weight: 400;\">Law degree from Universidad Latina of Costa Rica. Efrain has been part of our Firm since 2006 and became partner in 2012.<\/p>\n<p style=\"font-weight: 400;\">Efrain is responsible for the Litigation Department of our firm. He has extensive experience in labor judicial procedures. He worked at the Labor Court of the Second Judicial Circuit of San Jose from<span>\u00a0 <\/span>May 2000 through April 2006. He has served as a professor of Individual and Collective Labor Law at Universidad de San Jose.<\/p>\n<p style=\"font-weight: 400;\">He is the author of the academic special graduation project titled: <em>\u201cLa aplicaci\u00f3n supletoria del C\u00f3digo Procesal Civil dentro del procedimiento laboral, por remisi\u00f3n del art\u00edculo 452 del C\u00f3digo de Trabajo; un an\u00e1lisis cr\u00edtico desde la perspectiva jurisdiccional\u201d.<\/em><\/p>\n<p style=\"font-weight: 400;\">Chambers &amp; Partners has recognized him as a prominent lawyer in labor law in Costa Rica during 2013 and 2014.<\/p>\n<p style=\"font-weight: 400;\">Efrain has been a speaker in different seminars and congresses on labor topics, both locally and internationally; and serves as permanent collaborator for elempleo.com section of the La Naci\u00f3n newspaper. As an expert on labor topics, Efrain is regularly consulted by different media outlets in Costa Rica.<\/p>\n<p><img data-recalc-dims=\"1\" loading=\"lazy\" decoding=\"async\" src=\"https:\/\/i0.wp.com\/www.bdsasesores.com\/wp-content\/uploads\/2019\/08\/marco-durante-chambers-latin-america-2013.jpg?resize=57%2C80&#038;ssl=1\" width=\"57\" height=\"80\" alt=\"\" class=\"wp-image-635 alignnone size-full\" \/><img data-recalc-dims=\"1\" loading=\"lazy\" decoding=\"async\" src=\"https:\/\/i0.wp.com\/www.bdsasesores.com\/wp-content\/uploads\/2019\/08\/marco-durante-chambers-latin-america-2014.jpg?resize=57%2C80&#038;ssl=1\" width=\"57\" height=\"80\" alt=\"\" class=\"wp-image-633 alignnone size-full\" \/><\/p>\n<p>&nbsp;<\/p>\n<p>[\/et_pb_team_member][\/et_pb_column][\/et_pb_row][\/et_pb_section]<\/p>\n","protected":false},"excerpt":{"rendered":"<p>ezapata@bdsasesores.com Law degree from Universidad Latina of Costa Rica. Efrain has been part of our Firm since 2006 and became partner in 2012. Efrain is responsible for the Litigation Department [&hellip;]<\/p>\n","protected":false},"author":1,"featured_media":0,"parent":48688,"menu_order":0,"comment_status":"closed","ping_status":"closed","template":"","meta":{"_et_pb_use_builder":"on","_et_pb_old_content":"","_et_gb_content_width":"","content-type":"","footnotes":""},"class_list":["post-45289","page","type-page","status-publish","hentry"],"yoast_head":"<!-- This site is optimized with the Yoast SEO plugin v27.2 - https:\/\/yoast.com\/product\/yoast-seo-wordpress\/ -->\n<title>Efra\u00edn Zapata - BDS Asesores - BDS Asesores - Especialistas en Derecho Laboral con presencia en Centroam\u00e9rica, Panam\u00e1 y Rep\u00fablica Dominicana<\/title>\n<meta name=\"robots\" content=\"index, follow, max-snippet:-1, max-image-preview:large, max-video-preview:-1\" \/>\n<link rel=\"canonical\" href=\"https:\/\/www.bdsasesores.com\/en\/team\/efrain-zapata-bds-asesores\/\" \/>\n<meta property=\"og:locale\" content=\"en_US\" \/>\n<meta property=\"og:type\" content=\"article\" \/>\n<meta property=\"og:title\" content=\"Efra\u00edn Zapata - BDS Asesores - BDS Asesores - Especialistas en Derecho Laboral con presencia en Centroam\u00e9rica, Panam\u00e1 y Rep\u00fablica Dominicana\" \/>\n<meta property=\"og:description\" content=\"ezapata@bdsasesores.com Law degree from Universidad Latina of Costa Rica. Efrain has been part of our Firm since 2006 and became partner in 2012. Efrain is responsible for the Litigation Department [&hellip;]\" \/>\n<meta property=\"og:url\" content=\"https:\/\/www.bdsasesores.com\/en\/team\/efrain-zapata-bds-asesores\/\" \/>\n<meta property=\"og:site_name\" content=\"BDS Asesores - Especialistas en Derecho Laboral con presencia en Centroam\u00e9rica, Panam\u00e1 y Rep\u00fablica Dominicana\" \/>\n<meta property=\"article:modified_time\" content=\"2025-07-02T14:21:48+00:00\" \/>\n<meta property=\"og:image\" content=\"https:\/\/www.bdsasesores.com\/wp-content\/uploads\/2019\/08\/marco-durante-chambers-latin-america-2013.jpg\" \/>\n<meta name=\"twitter:card\" content=\"summary_large_image\" \/>\n<meta name=\"twitter:label1\" content=\"Est. reading time\" \/>\n\t<meta name=\"twitter:data1\" content=\"1 minute\" \/>\n<script type=\"application\/ld+json\" class=\"yoast-schema-graph\">{\"@context\":\"https:\/\/schema.org\",\"@graph\":[{\"@type\":\"WebPage\",\"@id\":\"https:\/\/www.bdsasesores.com\/en\/team\/efrain-zapata-bds-asesores\/\",\"url\":\"https:\/\/www.bdsasesores.com\/en\/team\/efrain-zapata-bds-asesores\/\",\"name\":\"Efra\u00edn Zapata - BDS Asesores - BDS Asesores - Especialistas en Derecho Laboral con presencia en Centroam\u00e9rica, Panam\u00e1 y Rep\u00fablica Dominicana\",\"isPartOf\":{\"@id\":\"https:\/\/www.bdsasesores.com\/#website\"},\"primaryImageOfPage\":{\"@id\":\"https:\/\/www.bdsasesores.com\/en\/team\/efrain-zapata-bds-asesores\/#primaryimage\"},\"image\":{\"@id\":\"https:\/\/www.bdsasesores.com\/en\/team\/efrain-zapata-bds-asesores\/#primaryimage\"},\"thumbnailUrl\":\"https:\/\/www.bdsasesores.com\/wp-content\/uploads\/2019\/08\/marco-durante-chambers-latin-america-2013.jpg\",\"datePublished\":\"2021-02-04T00:40:37+00:00\",\"dateModified\":\"2025-07-02T14:21:48+00:00\",\"breadcrumb\":{\"@id\":\"https:\/\/www.bdsasesores.com\/en\/team\/efrain-zapata-bds-asesores\/#breadcrumb\"},\"inLanguage\":\"en-US\",\"potentialAction\":[{\"@type\":\"ReadAction\",\"target\":[\"https:\/\/www.bdsasesores.com\/en\/team\/efrain-zapata-bds-asesores\/\"]}]},{\"@type\":\"ImageObject\",\"inLanguage\":\"en-US\",\"@id\":\"https:\/\/www.bdsasesores.com\/en\/team\/efrain-zapata-bds-asesores\/#primaryimage\",\"url\":\"https:\/\/www.bdsasesores.com\/wp-content\/uploads\/2019\/08\/marco-durante-chambers-latin-america-2013.jpg\",\"contentUrl\":\"https:\/\/www.bdsasesores.com\/wp-content\/uploads\/2019\/08\/marco-durante-chambers-latin-america-2013.jpg\"},{\"@type\":\"BreadcrumbList\",\"@id\":\"https:\/\/www.bdsasesores.com\/en\/team\/efrain-zapata-bds-asesores\/#breadcrumb\",\"itemListElement\":[{\"@type\":\"ListItem\",\"position\":1,\"name\":\"Portada\",\"item\":\"https:\/\/www.bdsasesores.com\/en\/\"},{\"@type\":\"ListItem\",\"position\":2,\"name\":\"Seven countries, one vision!\",\"item\":\"https:\/\/www.bdsasesores.com\/en\/team\/\"},{\"@type\":\"ListItem\",\"position\":3,\"name\":\"Efra\u00edn Zapata &#8211; BDS Asesores\"}]},{\"@type\":\"WebSite\",\"@id\":\"https:\/\/www.bdsasesores.com\/#website\",\"url\":\"https:\/\/www.bdsasesores.com\/\",\"name\":\"BDS Asesores - Especialistas en Derecho Laboral con presencia en Centroam\u00e9rica, Panam\u00e1 y Rep\u00fablica Dominicana\",\"description\":\"Asesor\u00eda Laboral para empresas\",\"potentialAction\":[{\"@type\":\"SearchAction\",\"target\":{\"@type\":\"EntryPoint\",\"urlTemplate\":\"https:\/\/www.bdsasesores.com\/?s={search_term_string}\"},\"query-input\":{\"@type\":\"PropertyValueSpecification\",\"valueRequired\":true,\"valueName\":\"search_term_string\"}}],\"inLanguage\":\"en-US\"}]}<\/script>\n<!-- \/ Yoast SEO plugin. -->","yoast_head_json":{"title":"Efra\u00edn Zapata - BDS Asesores - BDS Asesores - Especialistas en Derecho Laboral con presencia en Centroam\u00e9rica, Panam\u00e1 y Rep\u00fablica Dominicana","robots":{"index":"index","follow":"follow","max-snippet":"max-snippet:-1","max-image-preview":"max-image-preview:large","max-video-preview":"max-video-preview:-1"},"canonical":"https:\/\/www.bdsasesores.com\/en\/team\/efrain-zapata-bds-asesores\/","og_locale":"en_US","og_type":"article","og_title":"Efra\u00edn Zapata - BDS Asesores - BDS Asesores - Especialistas en Derecho Laboral con presencia en Centroam\u00e9rica, Panam\u00e1 y Rep\u00fablica Dominicana","og_description":"ezapata@bdsasesores.com Law degree from Universidad Latina of Costa Rica. Efrain has been part of our Firm since 2006 and became partner in 2012. Efrain is responsible for the Litigation Department [&hellip;]","og_url":"https:\/\/www.bdsasesores.com\/en\/team\/efrain-zapata-bds-asesores\/","og_site_name":"BDS Asesores - Especialistas en Derecho Laboral con presencia en Centroam\u00e9rica, Panam\u00e1 y Rep\u00fablica Dominicana","article_modified_time":"2025-07-02T14:21:48+00:00","og_image":[{"url":"https:\/\/www.bdsasesores.com\/wp-content\/uploads\/2019\/08\/marco-durante-chambers-latin-america-2013.jpg","type":"","width":"","height":""}],"twitter_card":"summary_large_image","twitter_misc":{"Est. reading time":"1 minute"},"schema":{"@context":"https:\/\/schema.org","@graph":[{"@type":"WebPage","@id":"https:\/\/www.bdsasesores.com\/en\/team\/efrain-zapata-bds-asesores\/","url":"https:\/\/www.bdsasesores.com\/en\/team\/efrain-zapata-bds-asesores\/","name":"Efra\u00edn Zapata - BDS Asesores - BDS Asesores - Especialistas en Derecho Laboral con presencia en Centroam\u00e9rica, Panam\u00e1 y Rep\u00fablica Dominicana","isPartOf":{"@id":"https:\/\/www.bdsasesores.com\/#website"},"primaryImageOfPage":{"@id":"https:\/\/www.bdsasesores.com\/en\/team\/efrain-zapata-bds-asesores\/#primaryimage"},"image":{"@id":"https:\/\/www.bdsasesores.com\/en\/team\/efrain-zapata-bds-asesores\/#primaryimage"},"thumbnailUrl":"https:\/\/www.bdsasesores.com\/wp-content\/uploads\/2019\/08\/marco-durante-chambers-latin-america-2013.jpg","datePublished":"2021-02-04T00:40:37+00:00","dateModified":"2025-07-02T14:21:48+00:00","breadcrumb":{"@id":"https:\/\/www.bdsasesores.com\/en\/team\/efrain-zapata-bds-asesores\/#breadcrumb"},"inLanguage":"en-US","potentialAction":[{"@type":"ReadAction","target":["https:\/\/www.bdsasesores.com\/en\/team\/efrain-zapata-bds-asesores\/"]}]},{"@type":"ImageObject","inLanguage":"en-US","@id":"https:\/\/www.bdsasesores.com\/en\/team\/efrain-zapata-bds-asesores\/#primaryimage","url":"https:\/\/www.bdsasesores.com\/wp-content\/uploads\/2019\/08\/marco-durante-chambers-latin-america-2013.jpg","contentUrl":"https:\/\/www.bdsasesores.com\/wp-content\/uploads\/2019\/08\/marco-durante-chambers-latin-america-2013.jpg"},{"@type":"BreadcrumbList","@id":"https:\/\/www.bdsasesores.com\/en\/team\/efrain-zapata-bds-asesores\/#breadcrumb","itemListElement":[{"@type":"ListItem","position":1,"name":"Portada","item":"https:\/\/www.bdsasesores.com\/en\/"},{"@type":"ListItem","position":2,"name":"Seven countries, one vision!","item":"https:\/\/www.bdsasesores.com\/en\/team\/"},{"@type":"ListItem","position":3,"name":"Efra\u00edn Zapata &#8211; BDS Asesores"}]},{"@type":"WebSite","@id":"https:\/\/www.bdsasesores.com\/#website","url":"https:\/\/www.bdsasesores.com\/","name":"BDS Asesores - Especialistas en Derecho Laboral con presencia en Centroam\u00e9rica, Panam\u00e1 y Rep\u00fablica Dominicana","description":"Asesor\u00eda Laboral para empresas","potentialAction":[{"@type":"SearchAction","target":{"@type":"EntryPoint","urlTemplate":"https:\/\/www.bdsasesores.com\/?s={search_term_string}"},"query-input":{"@type":"PropertyValueSpecification","valueRequired":true,"valueName":"search_term_string"}}],"inLanguage":"en-US"}]}},"jetpack_sharing_enabled":true,"_links":{"self":[{"href":"https:\/\/www.bdsasesores.com\/en\/wp-json\/wp\/v2\/pages\/45289","targetHints":{"allow":["GET"]}}],"collection":[{"href":"https:\/\/www.bdsasesores.com\/en\/wp-json\/wp\/v2\/pages"}],"about":[{"href":"https:\/\/www.bdsasesores.com\/en\/wp-json\/wp\/v2\/types\/page"}],"author":[{"embeddable":true,"href":"https:\/\/www.bdsasesores.com\/en\/wp-json\/wp\/v2\/users\/1"}],"replies":[{"embeddable":true,"href":"https:\/\/www.bdsasesores.com\/en\/wp-json\/wp\/v2\/comments?post=45289"}],"version-history":[{"count":12,"href":"https:\/\/www.bdsasesores.com\/en\/wp-json\/wp\/v2\/pages\/45289\/revisions"}],"predecessor-version":[{"id":987486458,"href":"https:\/\/www.bdsasesores.com\/en\/wp-json\/wp\/v2\/pages\/45289\/revisions\/987486458"}],"up":[{"embeddable":true,"href":"https:\/\/www.bdsasesores.com\/en\/wp-json\/wp\/v2\/pages\/48688"}],"wp:attachment":[{"href":"https:\/\/www.bdsasesores.com\/en\/wp-json\/wp\/v2\/media?parent=45289"}],"curies":[{"name":"wp","href":"https:\/\/api.w.org\/{rel}","templated":true}]}}

Efraín Zapata &#8211; BDS Asesores

<p>[et_pb_section fb_built=&#8221;1&#8243; _builder_version=&#8221;4.16&#8243; global_colors_info=&#8221;{}&#8221;][et_pb_row _builder_version=&#8221;4.16&#8243; global_colors_info=&#8221;{}&#8221;][et_pb_column type=&#8221;4_4&#8243; _builder_version=&#8221;4.16&#8243; global_colors_info=&#8221;{}&#8221;][et_pb_team_member name=&#8221;Efraín Zapata&#8221; position=&#8221;Partner &#8211; Costa Rica&#8221; image_url=&#8221;https://www.bdsasesores.com/wp-content/uploads/2025/07/Efrain-Zapata-Munoz-2025.jpg&#8221; linkedin_url=&#8221;https://www.linkedin.com/in/efra%EDn-zapata-4a3b1881/&#8221; _builder_version=&#8221;4.27.4&#8243; hover_enabled=&#8221;0&#8243; global_colors_info=&#8221;{}&#8221; title_text=&#8221;Efraín Zapata Muñoz 2025&#8243; sticky_enabled=&#8221;0&#8243;]</p>
<p><a href="mailto:ezapata@bdsasesores.com">ezapata@bdsasesores.com</a></p>
<p style="font-weight: 400;">Law degree from Universidad Latina of Costa Rica. Efrain has been part of our Firm since 2006 and became partner in 2012.</p>
<p style="font-weight: 400;">Efrain is responsible for the Litigation Department of our firm. He has extensive experience in labor judicial procedures. He worked at the Labor Court of the Second Judicial Circuit of San Jose from<span>  </span>May 2000 through April 2006. He has served as a professor of Individual and Collective Labor Law at Universidad de San Jose.</p>
<p style="font-weight: 400;">He is the author of the academic special graduation project titled: <em>“La aplicación supletoria del Código Procesal Civil dentro del procedimiento laboral, por remisión del artículo 452 del Código de Trabajo; un análisis crítico desde la perspectiva jurisdiccional”.</em></p>
<p style="font-weight: 400;">Chambers &amp; Partners has recognized him as a prominent lawyer in labor law in Costa Rica during 2013 and 2014.</p>
<p style="font-weight: 400;">Efrain has been a speaker in different seminars and congresses on labor topics, both locally and internationally; and serves as permanent collaborator for elempleo.com section of the La Nación newspaper. As an expert on labor topics, Efrain is regularly consulted by different media outlets in Costa Rica.</p>
<p><img data-recalc-dims="1" loading="lazy" decoding="async" src="https://i0.wp.com/www.bdsasesores.com/wp-content/uploads/2019/08/marco-durante-chambers-latin-america-2013.jpg?resize=57%2C80&#038;ssl=1" width="57" height="80" alt="" class="wp-image-635 alignnone size-full" /><img data-recalc-dims="1" loading="lazy" decoding="async" src="https://i0.wp.com/www.bdsasesores.com/wp-content/uploads/2019/08/marco-durante-chambers-latin-america-2014.jpg?resize=57%2C80&#038;ssl=1" width="57" height="80" alt="" class="wp-image-633 alignnone size-full" /></p>
<p>&nbsp;</p>
<p>[/et_pb_team_member][/et_pb_column][/et_pb_row][/et_pb_section]</p>

<!-- This site is optimized with the Yoast SEO plugin v27.2 - https://yoast.com/product/yoast-seo-wordpress/ -->
<title>Efraín Zapata - BDS Asesores - BDS Asesores - Especialistas en Derecho Laboral con presencia en Centroamérica, Panamá y República Dominicana</title>
<meta name="robots" content="index, follow, max-snippet:-1, max-image-preview:large, max-video-preview:-1" />
<link rel="canonical" href="https://www.bdsasesores.com/en/team/efrain-zapata-bds-asesores/" />
<meta property="og:locale" content="en_US" />
<meta property="og:type" content="article" />
<meta property="og:title" content="Efraín Zapata - BDS Asesores - BDS Asesores - Especialistas en Derecho Laboral con presencia en Centroamérica, Panamá y República Dominicana" />
<meta property="og:description" content="ezapata@bdsasesores.com Law degree from Universidad Latina of Costa Rica. Efrain has been part of our Firm since 2006 and became partner in 2012. Efrain is responsible for the Litigation Department [&hellip;]" />
<meta property="og:url" content="https://www.bdsasesores.com/en/team/efrain-zapata-bds-asesores/" />
<meta property="og:site_name" content="BDS Asesores - Especialistas en Derecho Laboral con presencia en Centroamérica, Panamá y República Dominicana" />
<meta property="article:modified_time" content="2025-07-02T14:21:48+00:00" />
<meta property="og:image" content="https://www.bdsasesores.com/wp-content/uploads/2019/08/marco-durante-chambers-latin-america-2013.jpg" />
<meta name="twitter:card" content="summary_large_image" />
<meta name="twitter:label1" content="Est. reading time" />
	<meta name="twitter:data1" content="1 minute" />
<script type="application/ld+json" class="yoast-schema-graph">{"@context":"https://schema.org","@graph":[{"@type":"WebPage","@id":"https://www.bdsasesores.com/en/team/efrain-zapata-bds-asesores/","url":"https://www.bdsasesores.com/en/team/efrain-zapata-bds-asesores/","name":"Efraín Zapata - BDS Asesores - BDS Asesores - Especialistas en Derecho Laboral con presencia en Centroamérica, Panamá y República Dominicana","isPartOf":{"@id":"https://www.bdsasesores.com/#website"},"primaryImageOfPage":{"@id":"https://www.bdsasesores.com/en/team/efrain-zapata-bds-asesores/#primaryimage"},"image":{"@id":"https://www.bdsasesores.com/en/team/efrain-zapata-bds-asesores/#primaryimage"},"thumbnailUrl":"https://www.bdsasesores.com/wp-content/uploads/2019/08/marco-durante-chambers-latin-america-2013.jpg","datePublished":"2021-02-04T00:40:37+00:00","dateModified":"2025-07-02T14:21:48+00:00","breadcrumb":{"@id":"https://www.bdsasesores.com/en/team/efrain-zapata-bds-asesores/#breadcrumb"},"inLanguage":"en-US","potentialAction":[{"@type":"ReadAction","target":["https://www.bdsasesores.com/en/team/efrain-zapata-bds-asesores/"]}]},{"@type":"ImageObject","inLanguage":"en-US","@id":"https://www.bdsasesores.com/en/team/efrain-zapata-bds-asesores/#primaryimage","url":"https://www.bdsasesores.com/wp-content/uploads/2019/08/marco-durante-chambers-latin-america-2013.jpg","contentUrl":"https://www.bdsasesores.com/wp-content/uploads/2019/08/marco-durante-chambers-latin-america-2013.jpg"},{"@type":"BreadcrumbList","@id":"https://www.bdsasesores.com/en/team/efrain-zapata-bds-asesores/#breadcrumb","itemListElement":[{"@type":"ListItem","position":1,"name":"Portada","item":"https://www.bdsasesores.com/en/"},{"@type":"ListItem","position":2,"name":"Seven countries, one vision!","item":"https://www.bdsasesores.com/en/team/"},{"@type":"ListItem","position":3,"name":"Efraín Zapata &#8211; BDS Asesores"}]},{"@type":"WebSite","@id":"https://www.bdsasesores.com/#website","url":"https://www.bdsasesores.com/","name":"BDS Asesores - Especialistas en Derecho Laboral con presencia en Centroamérica, Panamá y República Dominicana","description":"Asesoría Laboral para empresas","potentialAction":[{"@type":"SearchAction","target":{"@type":"EntryPoint","urlTemplate":"https://www.bdsasesores.com/?s={search_term_string}"},"query-input":{"@type":"PropertyValueSpecification","valueRequired":true,"valueName":"search_term_string"}}],"inLanguage":"en-US"}]}</script>
<!-- / Yoast SEO plugin. -->

Efraín Zapata - BDS Asesores - BDS Asesores - Especialistas en Derecho Laboral con presencia en Centroamérica, Panamá y República Dominicana

BDS Asesores - Especialistas en Derecho Laboral con presencia en Centroamérica, Panamá y República Dominicana

Asesoría Laboral para empresas
