{"id":45307,"date":"2021-02-03T18:48:52","date_gmt":"2021-02-04T00:48:52","guid":{"rendered":"https:\/\/www.bdsasesores.com\/team\/joaquin-acuna-bds-asesores\/"},"modified":"2025-09-01T22:09:08","modified_gmt":"2025-09-02T04:09:08","slug":"joaquin-acuna-bds-asesores","status":"publish","type":"page","link":"https:\/\/www.bdsasesores.com\/en\/team\/joaquin-acuna-bds-asesores\/","title":{"rendered":"Joaqu\u00edn Acu\u00f1a &#8211; BDS Asesores"},"content":{"rendered":"<p>[et_pb_section fb_built=&#8221;1&#8243; _builder_version=&#8221;4.16&#8243; global_colors_info=&#8221;{}&#8221;][et_pb_row _builder_version=&#8221;4.16&#8243; global_colors_info=&#8221;{}&#8221;][et_pb_column type=&#8221;4_4&#8243; _builder_version=&#8221;4.16&#8243; global_colors_info=&#8221;{}&#8221;][et_pb_team_member name=&#8221;Jos\u00e9 Joaqu\u00edn Acu\u00f1a&#8221; position=&#8221;Partner Costa Rica&#8221; image_url=&#8221;https:\/\/www.bdsasesores.com\/wp-content\/uploads\/2025\/09\/Joaquin-Acuna-2025.jpg&#8221; linkedin_url=&#8221;https:\/\/www.linkedin.com\/in\/joaqu%C3%ADn-acu\u00f1a-sol%C3%ADs-907a3844\/&#8221; _builder_version=&#8221;4.27.4&#8243; hover_enabled=&#8221;0&#8243; global_colors_info=&#8221;{}&#8221; title_text=&#8221;Joaquin-Acuna-2025&#8243; sticky_enabled=&#8221;0&#8243;]<\/p>\n<p><a href=\"mailto:jacuna@bdsasesores.com\">jacuna@bdsasesores.com<\/a><\/p>\n<p>Bachelor of Law graduated with Honors from the Faculty of Law of the University of Costa Rica. He is a specialist in Labor Law, graduated from the University of Salamanca, Spain, and holds a Master&#8217;s Degree in Labor Law and Social Security from the State Distance University of Costa Rica.<\/p>\n<p>He has worked for our Firm since 2005 and became a partner in 2012.<\/p>\n<p>He is a professor of Labor Law at the Faculty of Law of the University of Costa Rica. He has served as a professor of Labor Law at the undergraduate level at the Latin University of Costa Rica and at the graduate level in the Master&#8217;s program in Labor Law and Social Security at the State Distance University.<\/p>\n<p>He has been recognized by Chambers &amp; Partners as a leading lawyer in Labor Law for Costa Rica since 2014 to the present.<\/p>\n<p>He is a speaker at seminars and conferences on labor issues, both nationally and internationally. As an expert in labor matters, he is frequently consulted by various media outlets in Costa Rica.<\/p>\n<p>Additionally, he serves as the head of the Immigration Department of BDS Asesores.<\/p>\n<p><img data-recalc-dims=\"1\" loading=\"lazy\" decoding=\"async\" src=\"https:\/\/i0.wp.com\/www.bdsasesores.com\/wp-content\/uploads\/2019\/08\/marco-durante-chambers-latin-america-2014.jpg?resize=57%2C80&#038;ssl=1\" width=\"57\" height=\"80\" alt=\"\" class=\"wp-image-634 alignnone size-full\" \/><img data-recalc-dims=\"1\" loading=\"lazy\" decoding=\"async\" src=\"https:\/\/i0.wp.com\/www.bdsasesores.com\/wp-content\/uploads\/2019\/08\/jose-joaquin-acuna-chambers-latin-america-2015.jpg?resize=57%2C80&#038;ssl=1\" width=\"57\" height=\"80\" alt=\"\" class=\"wp-image-743 alignnone size-full\" \/><img data-recalc-dims=\"1\" loading=\"lazy\" decoding=\"async\" src=\"https:\/\/i0.wp.com\/www.bdsasesores.com\/wp-content\/uploads\/2019\/08\/jose-joaquin-acuna-chambers-latin-america-2016.jpg?resize=57%2C80&#038;ssl=1\" width=\"57\" height=\"80\" alt=\"\" class=\"wp-image-745 alignnone size-full\" \/><img data-recalc-dims=\"1\" loading=\"lazy\" decoding=\"async\" src=\"https:\/\/i0.wp.com\/www.bdsasesores.com\/wp-content\/uploads\/2019\/08\/JOAQU%C3%8DN-ACU%C3%91A-224x300-224x300.jpg?resize=61%2C81&#038;ssl=1\" width=\"61\" height=\"81\" alt=\"\" class=\"wp-image-746 alignnone size-medium\" \/><img data-recalc-dims=\"1\" loading=\"lazy\" decoding=\"async\" src=\"https:\/\/i0.wp.com\/www.bdsasesores.com\/wp-content\/uploads\/2019\/08\/JOAQUIN-224x300-224x300.jpg?resize=61%2C82&#038;ssl=1\" width=\"61\" height=\"82\" alt=\"\" class=\"wp-image-748 alignnone size-medium\" \/><\/p>\n<p>[\/et_pb_team_member][\/et_pb_column][\/et_pb_row][\/et_pb_section]<\/p>\n","protected":false},"excerpt":{"rendered":"<p>jacuna@bdsasesores.com Bachelor of Law graduated with Honors from the Faculty of Law of the University of Costa Rica. He is a specialist in Labor Law, graduated from the University of [&hellip;]<\/p>\n","protected":false},"author":1,"featured_media":0,"parent":48688,"menu_order":0,"comment_status":"closed","ping_status":"closed","template":"","meta":{"_et_pb_use_builder":"on","_et_pb_old_content":"","_et_gb_content_width":"","content-type":"","footnotes":""},"class_list":["post-45307","page","type-page","status-publish","hentry"],"yoast_head":"<!-- This site is optimized with the Yoast SEO plugin v27.2 - https:\/\/yoast.com\/product\/yoast-seo-wordpress\/ -->\n<title>Joaqu\u00edn Acu\u00f1a - BDS Asesores - BDS Asesores - Especialistas en Derecho Laboral con presencia en Centroam\u00e9rica, Panam\u00e1 y Rep\u00fablica Dominicana<\/title>\n<meta name=\"robots\" content=\"index, follow, max-snippet:-1, max-image-preview:large, max-video-preview:-1\" \/>\n<link rel=\"canonical\" href=\"https:\/\/www.bdsasesores.com\/equipo-abogados-laboral\/joaquin-acuna\/\" \/>\n<meta property=\"og:locale\" content=\"en_US\" \/>\n<meta property=\"og:type\" content=\"article\" \/>\n<meta property=\"og:title\" content=\"Joaqu\u00edn Acu\u00f1a - BDS Asesores - BDS Asesores - Especialistas en Derecho Laboral con presencia en Centroam\u00e9rica, Panam\u00e1 y Rep\u00fablica Dominicana\" \/>\n<meta property=\"og:description\" content=\"jacuna@bdsasesores.com Bachelor of Law graduated with Honors from the Faculty of Law of the University of Costa Rica. He is a specialist in Labor Law, graduated from the University of [&hellip;]\" \/>\n<meta property=\"og:url\" content=\"https:\/\/www.bdsasesores.com\/equipo-abogados-laboral\/joaquin-acuna\/\" \/>\n<meta property=\"og:site_name\" content=\"BDS Asesores - Especialistas en Derecho Laboral con presencia en Centroam\u00e9rica, Panam\u00e1 y Rep\u00fablica Dominicana\" \/>\n<meta property=\"article:modified_time\" content=\"2025-09-02T04:09:08+00:00\" \/>\n<meta property=\"og:image\" content=\"https:\/\/www.bdsasesores.com\/wp-content\/uploads\/2019\/08\/marco-durante-chambers-latin-america-2014.jpg\" \/>\n<meta name=\"twitter:card\" content=\"summary_large_image\" \/>\n<meta name=\"twitter:label1\" content=\"Est. reading time\" \/>\n\t<meta name=\"twitter:data1\" content=\"1 minute\" \/>\n<script type=\"application\/ld+json\" class=\"yoast-schema-graph\">{\"@context\":\"https:\/\/schema.org\",\"@graph\":[{\"@type\":\"WebPage\",\"@id\":\"https:\/\/www.bdsasesores.com\/equipo-abogados-laboral\/joaquin-acuna\/\",\"url\":\"https:\/\/www.bdsasesores.com\/equipo-abogados-laboral\/joaquin-acuna\/\",\"name\":\"Joaqu\u00edn Acu\u00f1a - BDS Asesores - BDS Asesores - Especialistas en Derecho Laboral con presencia en Centroam\u00e9rica, Panam\u00e1 y Rep\u00fablica Dominicana\",\"isPartOf\":{\"@id\":\"https:\/\/www.bdsasesores.com\/#website\"},\"primaryImageOfPage\":{\"@id\":\"https:\/\/www.bdsasesores.com\/equipo-abogados-laboral\/joaquin-acuna\/#primaryimage\"},\"image\":{\"@id\":\"https:\/\/www.bdsasesores.com\/equipo-abogados-laboral\/joaquin-acuna\/#primaryimage\"},\"thumbnailUrl\":\"https:\/\/www.bdsasesores.com\/wp-content\/uploads\/2019\/08\/marco-durante-chambers-latin-america-2014.jpg\",\"datePublished\":\"2021-02-04T00:48:52+00:00\",\"dateModified\":\"2025-09-02T04:09:08+00:00\",\"breadcrumb\":{\"@id\":\"https:\/\/www.bdsasesores.com\/equipo-abogados-laboral\/joaquin-acuna\/#breadcrumb\"},\"inLanguage\":\"en-US\",\"potentialAction\":[{\"@type\":\"ReadAction\",\"target\":[\"https:\/\/www.bdsasesores.com\/equipo-abogados-laboral\/joaquin-acuna\/\"]}]},{\"@type\":\"ImageObject\",\"inLanguage\":\"en-US\",\"@id\":\"https:\/\/www.bdsasesores.com\/equipo-abogados-laboral\/joaquin-acuna\/#primaryimage\",\"url\":\"https:\/\/www.bdsasesores.com\/wp-content\/uploads\/2019\/08\/marco-durante-chambers-latin-america-2014.jpg\",\"contentUrl\":\"https:\/\/www.bdsasesores.com\/wp-content\/uploads\/2019\/08\/marco-durante-chambers-latin-america-2014.jpg\"},{\"@type\":\"BreadcrumbList\",\"@id\":\"https:\/\/www.bdsasesores.com\/equipo-abogados-laboral\/joaquin-acuna\/#breadcrumb\",\"itemListElement\":[{\"@type\":\"ListItem\",\"position\":1,\"name\":\"Portada\",\"item\":\"https:\/\/www.bdsasesores.com\/en\/\"},{\"@type\":\"ListItem\",\"position\":2,\"name\":\"Seven countries, one vision!\",\"item\":\"https:\/\/www.bdsasesores.com\/en\/team\/\"},{\"@type\":\"ListItem\",\"position\":3,\"name\":\"Joaqu\u00edn Acu\u00f1a &#8211; BDS Asesores\"}]},{\"@type\":\"WebSite\",\"@id\":\"https:\/\/www.bdsasesores.com\/#website\",\"url\":\"https:\/\/www.bdsasesores.com\/\",\"name\":\"BDS Asesores - Especialistas en Derecho Laboral con presencia en Centroam\u00e9rica, Panam\u00e1 y Rep\u00fablica Dominicana\",\"description\":\"Asesor\u00eda Laboral para empresas\",\"potentialAction\":[{\"@type\":\"SearchAction\",\"target\":{\"@type\":\"EntryPoint\",\"urlTemplate\":\"https:\/\/www.bdsasesores.com\/?s={search_term_string}\"},\"query-input\":{\"@type\":\"PropertyValueSpecification\",\"valueRequired\":true,\"valueName\":\"search_term_string\"}}],\"inLanguage\":\"en-US\"}]}<\/script>\n<!-- \/ Yoast SEO plugin. -->","yoast_head_json":{"title":"Joaqu\u00edn Acu\u00f1a - BDS Asesores - BDS Asesores - Especialistas en Derecho Laboral con presencia en Centroam\u00e9rica, Panam\u00e1 y Rep\u00fablica Dominicana","robots":{"index":"index","follow":"follow","max-snippet":"max-snippet:-1","max-image-preview":"max-image-preview:large","max-video-preview":"max-video-preview:-1"},"canonical":"https:\/\/www.bdsasesores.com\/equipo-abogados-laboral\/joaquin-acuna\/","og_locale":"en_US","og_type":"article","og_title":"Joaqu\u00edn Acu\u00f1a - BDS Asesores - BDS Asesores - Especialistas en Derecho Laboral con presencia en Centroam\u00e9rica, Panam\u00e1 y Rep\u00fablica Dominicana","og_description":"jacuna@bdsasesores.com Bachelor of Law graduated with Honors from the Faculty of Law of the University of Costa Rica. He is a specialist in Labor Law, graduated from the University of [&hellip;]","og_url":"https:\/\/www.bdsasesores.com\/equipo-abogados-laboral\/joaquin-acuna\/","og_site_name":"BDS Asesores - Especialistas en Derecho Laboral con presencia en Centroam\u00e9rica, Panam\u00e1 y Rep\u00fablica Dominicana","article_modified_time":"2025-09-02T04:09:08+00:00","og_image":[{"url":"https:\/\/www.bdsasesores.com\/wp-content\/uploads\/2019\/08\/marco-durante-chambers-latin-america-2014.jpg","type":"","width":"","height":""}],"twitter_card":"summary_large_image","twitter_misc":{"Est. reading time":"1 minute"},"schema":{"@context":"https:\/\/schema.org","@graph":[{"@type":"WebPage","@id":"https:\/\/www.bdsasesores.com\/equipo-abogados-laboral\/joaquin-acuna\/","url":"https:\/\/www.bdsasesores.com\/equipo-abogados-laboral\/joaquin-acuna\/","name":"Joaqu\u00edn Acu\u00f1a - BDS Asesores - BDS Asesores - Especialistas en Derecho Laboral con presencia en Centroam\u00e9rica, Panam\u00e1 y Rep\u00fablica Dominicana","isPartOf":{"@id":"https:\/\/www.bdsasesores.com\/#website"},"primaryImageOfPage":{"@id":"https:\/\/www.bdsasesores.com\/equipo-abogados-laboral\/joaquin-acuna\/#primaryimage"},"image":{"@id":"https:\/\/www.bdsasesores.com\/equipo-abogados-laboral\/joaquin-acuna\/#primaryimage"},"thumbnailUrl":"https:\/\/www.bdsasesores.com\/wp-content\/uploads\/2019\/08\/marco-durante-chambers-latin-america-2014.jpg","datePublished":"2021-02-04T00:48:52+00:00","dateModified":"2025-09-02T04:09:08+00:00","breadcrumb":{"@id":"https:\/\/www.bdsasesores.com\/equipo-abogados-laboral\/joaquin-acuna\/#breadcrumb"},"inLanguage":"en-US","potentialAction":[{"@type":"ReadAction","target":["https:\/\/www.bdsasesores.com\/equipo-abogados-laboral\/joaquin-acuna\/"]}]},{"@type":"ImageObject","inLanguage":"en-US","@id":"https:\/\/www.bdsasesores.com\/equipo-abogados-laboral\/joaquin-acuna\/#primaryimage","url":"https:\/\/www.bdsasesores.com\/wp-content\/uploads\/2019\/08\/marco-durante-chambers-latin-america-2014.jpg","contentUrl":"https:\/\/www.bdsasesores.com\/wp-content\/uploads\/2019\/08\/marco-durante-chambers-latin-america-2014.jpg"},{"@type":"BreadcrumbList","@id":"https:\/\/www.bdsasesores.com\/equipo-abogados-laboral\/joaquin-acuna\/#breadcrumb","itemListElement":[{"@type":"ListItem","position":1,"name":"Portada","item":"https:\/\/www.bdsasesores.com\/en\/"},{"@type":"ListItem","position":2,"name":"Seven countries, one vision!","item":"https:\/\/www.bdsasesores.com\/en\/team\/"},{"@type":"ListItem","position":3,"name":"Joaqu\u00edn Acu\u00f1a &#8211; BDS Asesores"}]},{"@type":"WebSite","@id":"https:\/\/www.bdsasesores.com\/#website","url":"https:\/\/www.bdsasesores.com\/","name":"BDS Asesores - Especialistas en Derecho Laboral con presencia en Centroam\u00e9rica, Panam\u00e1 y Rep\u00fablica Dominicana","description":"Asesor\u00eda Laboral para empresas","potentialAction":[{"@type":"SearchAction","target":{"@type":"EntryPoint","urlTemplate":"https:\/\/www.bdsasesores.com\/?s={search_term_string}"},"query-input":{"@type":"PropertyValueSpecification","valueRequired":true,"valueName":"search_term_string"}}],"inLanguage":"en-US"}]}},"jetpack_sharing_enabled":true,"_links":{"self":[{"href":"https:\/\/www.bdsasesores.com\/en\/wp-json\/wp\/v2\/pages\/45307","targetHints":{"allow":["GET"]}}],"collection":[{"href":"https:\/\/www.bdsasesores.com\/en\/wp-json\/wp\/v2\/pages"}],"about":[{"href":"https:\/\/www.bdsasesores.com\/en\/wp-json\/wp\/v2\/types\/page"}],"author":[{"embeddable":true,"href":"https:\/\/www.bdsasesores.com\/en\/wp-json\/wp\/v2\/users\/1"}],"replies":[{"embeddable":true,"href":"https:\/\/www.bdsasesores.com\/en\/wp-json\/wp\/v2\/comments?post=45307"}],"version-history":[{"count":13,"href":"https:\/\/www.bdsasesores.com\/en\/wp-json\/wp\/v2\/pages\/45307\/revisions"}],"predecessor-version":[{"id":987486775,"href":"https:\/\/www.bdsasesores.com\/en\/wp-json\/wp\/v2\/pages\/45307\/revisions\/987486775"}],"up":[{"embeddable":true,"href":"https:\/\/www.bdsasesores.com\/en\/wp-json\/wp\/v2\/pages\/48688"}],"wp:attachment":[{"href":"https:\/\/www.bdsasesores.com\/en\/wp-json\/wp\/v2\/media?parent=45307"}],"curies":[{"name":"wp","href":"https:\/\/api.w.org\/{rel}","templated":true}]}}

Joaquín Acuña &#8211; BDS Asesores

<p>[et_pb_section fb_built=&#8221;1&#8243; _builder_version=&#8221;4.16&#8243; global_colors_info=&#8221;{}&#8221;][et_pb_row _builder_version=&#8221;4.16&#8243; global_colors_info=&#8221;{}&#8221;][et_pb_column type=&#8221;4_4&#8243; _builder_version=&#8221;4.16&#8243; global_colors_info=&#8221;{}&#8221;][et_pb_team_member name=&#8221;José Joaquín Acuña&#8221; position=&#8221;Partner Costa Rica&#8221; image_url=&#8221;https://www.bdsasesores.com/wp-content/uploads/2025/09/Joaquin-Acuna-2025.jpg&#8221; linkedin_url=&#8221;https://www.linkedin.com/in/joaqu%C3%ADn-acuña-sol%C3%ADs-907a3844/&#8221; _builder_version=&#8221;4.27.4&#8243; hover_enabled=&#8221;0&#8243; global_colors_info=&#8221;{}&#8221; title_text=&#8221;Joaquin-Acuna-2025&#8243; sticky_enabled=&#8221;0&#8243;]</p>
<p><a href="mailto:jacuna@bdsasesores.com">jacuna@bdsasesores.com</a></p>
<p>Bachelor of Law graduated with Honors from the Faculty of Law of the University of Costa Rica. He is a specialist in Labor Law, graduated from the University of Salamanca, Spain, and holds a Master&#8217;s Degree in Labor Law and Social Security from the State Distance University of Costa Rica.</p>
<p>He has worked for our Firm since 2005 and became a partner in 2012.</p>
<p>He is a professor of Labor Law at the Faculty of Law of the University of Costa Rica. He has served as a professor of Labor Law at the undergraduate level at the Latin University of Costa Rica and at the graduate level in the Master&#8217;s program in Labor Law and Social Security at the State Distance University.</p>
<p>He has been recognized by Chambers &amp; Partners as a leading lawyer in Labor Law for Costa Rica since 2014 to the present.</p>
<p>He is a speaker at seminars and conferences on labor issues, both nationally and internationally. As an expert in labor matters, he is frequently consulted by various media outlets in Costa Rica.</p>
<p>Additionally, he serves as the head of the Immigration Department of BDS Asesores.</p>
<p><img data-recalc-dims="1" loading="lazy" decoding="async" src="https://i0.wp.com/www.bdsasesores.com/wp-content/uploads/2019/08/marco-durante-chambers-latin-america-2014.jpg?resize=57%2C80&#038;ssl=1" width="57" height="80" alt="" class="wp-image-634 alignnone size-full" /><img data-recalc-dims="1" loading="lazy" decoding="async" src="https://i0.wp.com/www.bdsasesores.com/wp-content/uploads/2019/08/jose-joaquin-acuna-chambers-latin-america-2015.jpg?resize=57%2C80&#038;ssl=1" width="57" height="80" alt="" class="wp-image-743 alignnone size-full" /><img data-recalc-dims="1" loading="lazy" decoding="async" src="https://i0.wp.com/www.bdsasesores.com/wp-content/uploads/2019/08/jose-joaquin-acuna-chambers-latin-america-2016.jpg?resize=57%2C80&#038;ssl=1" width="57" height="80" alt="" class="wp-image-745 alignnone size-full" /><img data-recalc-dims="1" loading="lazy" decoding="async" src="https://i0.wp.com/www.bdsasesores.com/wp-content/uploads/2019/08/JOAQU%C3%8DN-ACU%C3%91A-224x300-224x300.jpg?resize=61%2C81&#038;ssl=1" width="61" height="81" alt="" class="wp-image-746 alignnone size-medium" /><img data-recalc-dims="1" loading="lazy" decoding="async" src="https://i0.wp.com/www.bdsasesores.com/wp-content/uploads/2019/08/JOAQUIN-224x300-224x300.jpg?resize=61%2C82&#038;ssl=1" width="61" height="82" alt="" class="wp-image-748 alignnone size-medium" /></p>
<p>[/et_pb_team_member][/et_pb_column][/et_pb_row][/et_pb_section]</p>

<!-- This site is optimized with the Yoast SEO plugin v27.2 - https://yoast.com/product/yoast-seo-wordpress/ -->
<title>Joaquín Acuña - BDS Asesores - BDS Asesores - Especialistas en Derecho Laboral con presencia en Centroamérica, Panamá y República Dominicana</title>
<meta name="robots" content="index, follow, max-snippet:-1, max-image-preview:large, max-video-preview:-1" />
<link rel="canonical" href="https://www.bdsasesores.com/equipo-abogados-laboral/joaquin-acuna/" />
<meta property="og:locale" content="en_US" />
<meta property="og:type" content="article" />
<meta property="og:title" content="Joaquín Acuña - BDS Asesores - BDS Asesores - Especialistas en Derecho Laboral con presencia en Centroamérica, Panamá y República Dominicana" />
<meta property="og:description" content="jacuna@bdsasesores.com Bachelor of Law graduated with Honors from the Faculty of Law of the University of Costa Rica. He is a specialist in Labor Law, graduated from the University of [&hellip;]" />
<meta property="og:url" content="https://www.bdsasesores.com/equipo-abogados-laboral/joaquin-acuna/" />
<meta property="og:site_name" content="BDS Asesores - Especialistas en Derecho Laboral con presencia en Centroamérica, Panamá y República Dominicana" />
<meta property="article:modified_time" content="2025-09-02T04:09:08+00:00" />
<meta property="og:image" content="https://www.bdsasesores.com/wp-content/uploads/2019/08/marco-durante-chambers-latin-america-2014.jpg" />
<meta name="twitter:card" content="summary_large_image" />
<meta name="twitter:label1" content="Est. reading time" />
	<meta name="twitter:data1" content="1 minute" />
<script type="application/ld+json" class="yoast-schema-graph">{"@context":"https://schema.org","@graph":[{"@type":"WebPage","@id":"https://www.bdsasesores.com/equipo-abogados-laboral/joaquin-acuna/","url":"https://www.bdsasesores.com/equipo-abogados-laboral/joaquin-acuna/","name":"Joaquín Acuña - BDS Asesores - BDS Asesores - Especialistas en Derecho Laboral con presencia en Centroamérica, Panamá y República Dominicana","isPartOf":{"@id":"https://www.bdsasesores.com/#website"},"primaryImageOfPage":{"@id":"https://www.bdsasesores.com/equipo-abogados-laboral/joaquin-acuna/#primaryimage"},"image":{"@id":"https://www.bdsasesores.com/equipo-abogados-laboral/joaquin-acuna/#primaryimage"},"thumbnailUrl":"https://www.bdsasesores.com/wp-content/uploads/2019/08/marco-durante-chambers-latin-america-2014.jpg","datePublished":"2021-02-04T00:48:52+00:00","dateModified":"2025-09-02T04:09:08+00:00","breadcrumb":{"@id":"https://www.bdsasesores.com/equipo-abogados-laboral/joaquin-acuna/#breadcrumb"},"inLanguage":"en-US","potentialAction":[{"@type":"ReadAction","target":["https://www.bdsasesores.com/equipo-abogados-laboral/joaquin-acuna/"]}]},{"@type":"ImageObject","inLanguage":"en-US","@id":"https://www.bdsasesores.com/equipo-abogados-laboral/joaquin-acuna/#primaryimage","url":"https://www.bdsasesores.com/wp-content/uploads/2019/08/marco-durante-chambers-latin-america-2014.jpg","contentUrl":"https://www.bdsasesores.com/wp-content/uploads/2019/08/marco-durante-chambers-latin-america-2014.jpg"},{"@type":"BreadcrumbList","@id":"https://www.bdsasesores.com/equipo-abogados-laboral/joaquin-acuna/#breadcrumb","itemListElement":[{"@type":"ListItem","position":1,"name":"Portada","item":"https://www.bdsasesores.com/en/"},{"@type":"ListItem","position":2,"name":"Seven countries, one vision!","item":"https://www.bdsasesores.com/en/team/"},{"@type":"ListItem","position":3,"name":"Joaquín Acuña &#8211; BDS Asesores"}]},{"@type":"WebSite","@id":"https://www.bdsasesores.com/#website","url":"https://www.bdsasesores.com/","name":"BDS Asesores - Especialistas en Derecho Laboral con presencia en Centroamérica, Panamá y República Dominicana","description":"Asesoría Laboral para empresas","potentialAction":[{"@type":"SearchAction","target":{"@type":"EntryPoint","urlTemplate":"https://www.bdsasesores.com/?s={search_term_string}"},"query-input":{"@type":"PropertyValueSpecification","valueRequired":true,"valueName":"search_term_string"}}],"inLanguage":"en-US"}]}</script>
<!-- / Yoast SEO plugin. -->

Joaquín Acuña - BDS Asesores - BDS Asesores - Especialistas en Derecho Laboral con presencia en Centroamérica, Panamá y República Dominicana

BDS Asesores - Especialistas en Derecho Laboral con presencia en Centroamérica, Panamá y República Dominicana

Asesoría Laboral para empresas
